 - 3. Let c(i) = -4*i + 1. Let o(d) = 4*a(d) + 14*c(d). What is the units digit of o(g)?
8
What is the units digit of (2 - 63)/((-18)/126)?
7
Let l(m) = m**3 - 6*m**2 + 2*m + 3. What is the tens digit of l(7)?
6
Suppose -l + 2*l = -8. Let t be ((-4)/l)/(1/180). Suppose -34 = 4*q - t. What is the tens digit of q?
1
Suppose 4*q + 0*u - u = 12, 8 = 4*q - 2*u. What is the units digit of q?
4
Let d(a) = 2*a - 14. Let q be d(11). Suppose -r = 3*g - q*g - 28, 3*g = 3*r - 60. What is the tens digit of r?
1
Let v be (20/(-2))/((-3)/12). Suppose -4*b + v = -0*a - 5*a, 2*b + 24 = -3*a. Let s(j) = -j**3 - 9*j**2 - 10*j - 10. What is the units digit of s(a)?
6
Suppose 4*g + 0*g = 4*b - 32, 4*b - 5*g - 27 = 0. Suppose -4*i = j - b, i + j = 4*j. What is the units digit of i?
3
Let p(d) = 5*d - 7. Let i be p(-6). Let g be -2 - (i - (0 + -1)). Suppose 3*l - g = -1. What is the tens digit of l?
1
Suppose y - 5*a = 3*y + 16, 2 = 5*y + 2*a. What is the units digit of y/(-8) - 50/(-8)?
6
Suppose -h + 126 = h - 3*x, 2*x = 4. What is the tens digit of h?
6
Let n(h) be the second derivative of 5*h**3/2 + h**2/2 + 5*h. What is the tens digit of n(2)?
3
Let v(y) = -2*y**3 + y + 1. Let m be v(-1). Suppose u = -m*u. Suppose -2*i - 10 = 0, 5*h - i + u*i = 105. What is the units digit of h?
0
Let v = -2 - -4. Suppose g + 78 = -p - v*p, 0 = -4*p - 3*g - 99. Let l = -17 - p. What is the tens digit of l?
1
Suppose -271 + 1447 = 7*f. What is the units digit of f?
8
Let i be (5 + -5 - 20)*4/(-5). Let q(x) = 5*x. Let w be q(6). Let b = w - i. What is the tens digit of b?
1
Suppose 2*w + 4*p = -0*p - 12, -9 = w + 3*p. What is the units digit of (1 - w)/(4/4)?
1
Let r = -6 - -15. Let q(a) = a**3 - a**2 - 2*a. Let b be q(2). Suppose 0 = -2*c + 2*m + 2 - b, -5*c + 4*m = -r. What is the units digit of c?
5
Let x(d) = -1 - 4*d - 5*d + 15*d - 9*d. What is the tens digit of x(-6)?
1
Suppose 0 = 4*w - w - 12. Suppose 6 = c + w. What is the units digit of c?
2
Let h be (-435)/(-105) - (-1)/(-7). Suppose -55 = -h*d - 7. What is the units digit of d?
2
Let p = 93 + -28. What is the tens digit of p?
6
Let s be 2/5 - 53/(-5). Let h = -8 + s. What is the units digit of h?
3
Let a(b) = 2*b**2 - b**2 + 4 - 8. Let t be a(3). Let s = -3 + t. What is the units digit of s?
2
Let n(q) = q**2 + 2*q + 1. Let t be n(-3). Suppose t*g = 5*g - 1. What is the units digit of g*-8*6/(-8)?
6
Let j(i) be the second derivative of i**4/12 - i**3/6 - 5*i**2/2 + 3*i. What is the tens digit of j(5)?
1
Suppose 0 = -5*z + 198 + 162. What is the tens digit of z?
7
Suppose 82 = 6*s + 16. Let n = s + 33. What is the units digit of n?
4
Let z = -6 + 6. Suppose z = 4*y + c - 64, -y - 2*c = 2*c - 16. What is the units digit of y?
6
Suppose 20 = -4*r + 5*r. Let s = -15 + r. What is the units digit of s?
5
Let o(a) = -2*a**3 - 6*a**2 + 5*a + 6. What is the units digit of o(-5)?
1
What is the tens digit of 14*(33/6 + -4)?
2
Suppose -4*a + 5*a - 201 = 0. What is the tens digit of a?
0
Let r(d) = -d**2 + 6*d - 5. Let a be r(5). Let o be 7 + (a + 2)/1. What is the units digit of (-3)/(o/(-6)) - -1?
3
What is the hundreds digit of 126/1 + (-6 - -4 - 2)?
1
Suppose 4*i + 256 = 1504. What is the tens digit of i?
1
Let b = 11 - 6. Suppose -b*u - 2*o + 4*o + 6 = 0, 2*u - 4*o - 12 = 0. Suppose 4*y - 3*y - 7 = u. What is the units digit of y?
7
Let k(l) be the first derivative of -l**5/120 - l**4/12 + 2*l**3/3 - 1. Let h(i) be the third derivative of k(i). What is the units digit of h(-9)?
7
Suppose 10 = -l + q - 4*q, 5*l - 10 = -3*q. Let b = 7 - l. Suppose -5*h = -b*z + 6*z - 57, 4*h + 2*z - 42 = 0. What is the units digit of h?
9
Let s(d) be the second derivative of d**4/4 - d**3/2 + 2*d**2 - d. What is the units digit of s(2)?
0
Let j(o) = 4*o - 38. What is the units digit of j(28)?
4
Let b = 38 - -3. What is the units digit of b?
1
Suppose -5*s + 0*s = 10. What is the tens digit of s/6*(-1050)/10?
3
Let a = -100 - -45. Let t = -36 - a. What is the tens digit of t?
1
Let r(v) = 5*v**2 - 4*v. What is the tens digit of r(3)?
3
Suppose 0 = 7*c - 4*c - 210. What is the tens digit of c?
7
Suppose -4*l - 5*f + 49 = 0, -4*l + 6*l - 2*f - 2 = 0. Let d = 7 - l. What is the tens digit of -1*24/(-1 - d)?
1
Let m = 21 + -12. Let q = 17 - m. Let i = q + -7. What is the units digit of i?
1
Let a(c) = -4*c + 3. Let y(o) be the third derivative of -7*o**4/24 + 5*o**3/6 + o**2. Let f(z) = -5*a(z) + 3*y(z). What is the units digit of f(-3)?
3
Suppose i - 6 + 1 = 0. Suppose -3*c + 3*r + i = -4, 3*r + 9 = 4*c. Suppose -d - d + 10 = c. What is the units digit of d?
5
Let m be -3 - -3 - 1 - -3. Suppose b = -2*a, 0 = -4*b + a - m + 20. What is the units digit of b?
4
Let z(v) = -2*v - 4. Let t(w) = 7*w + 15. Let y(g) = 6*t(g) + 22*z(g). Let i be y(-2). What is the units digit of (-9)/(3/i*-3)?
6
Suppose -5*u + 6*u - 134 = 0. What is the tens digit of u?
3
Let y = 333 - -85. What is the hundreds digit of y?
4
Let v(u) = 2*u**3 - 5*u**2 + u + 3. Let g be (6/(-5))/((-6)/15). What is the units digit of v(g)?
5
Let t be (-1*3)/((-9)/6). Suppose -t*c + 4 = -4*c. Let v = 14 - c. What is the tens digit of v?
1
Suppose -248 = -t - 4*c, 2*c = 3*c - 1. What is the tens digit of t?
4
Suppose -4*d + 14 = -26. Let u be -16 + 1 - (0 - 1). What is the units digit of 4/(-10) - u/d?
1
Let f(u) = -u + 2. Let b be f(0). Suppose 0 = b*d + 2*d - 40. What is the tens digit of d?
1
Suppose r + 3*r = 440. What is the units digit of r?
0
Let v(s) = -s**3 - 18*s**2 + 16*s + 20. What is the tens digit of v(-19)?
7
Suppose -4*g - 16 + 4 = 0. Let l be -1*((-3)/(-1))/g. What is the units digit of (3*l)/(6/4)?
2
Suppose 2*k - v = 9, -k = -0*k - 5*v - 9. Suppose 0*q + k = -q. Let j = 7 + q. What is the units digit of j?
3
Suppose 0 = l - 3*l - d + 11, -4*l + 2*d + 10 = 0. Suppose 0 = -l*q - 1 + 9. What is the units digit of q?
2
Let g = -56 - -174. What is the units digit of g?
8
Let g be (12/(-9))/((-2)/6). Suppose -5*f + g + 1 = 0. Let t = f + 1. What is the units digit of t?
2
Let g(o) = o**2 + o - 1. Let q be g(2). Suppose -v = -6*v - q. Let f(x) = -15*x - 1. What is the units digit of f(v)?
4
Let u be 10*(3/6 - 0). Suppose -i + 5*i = o - 35, u*i = -2*o + 18. What is the tens digit of o?
1
Suppose 7 = -m + 29. What is the units digit of m?
2
Let b(l) = 102*l**2 - 5*l + 6. What is the tens digit of b(1)?
0
What is the tens digit of ((-9)/3 - -5) + 77 - 2?
7
Suppose 8 = 4*b, 6*t - 5*b = 4*t - 6. What is the units digit of t/7 - (-5)/7?
1
Let a(h) = -h**3 + 5*h**2 + h - 2. Let g be a(4). Suppose -q - 4*d + g = q, 3 = q - d. Suppose 0 = -0*o + q*o - 45. What is the units digit of o?
9
Let u(n) = -n**3 - 6*n**2 - 4*n + 7. Let i be u(-5). Let l be i/(-12) + 55/6. Let t = l - 6. What is the units digit of t?
3
Let i(p) = 3*p - p - 3*p - 2. Let g be i(-4). Suppose -5*k - h + 28 = 0, 5*h - g = -2*k - 0. What is the units digit of k?
6
Suppose 3*v - 2*p = 146, -3*p - 34 = 2*v - 153. What is the units digit of v?
2
Suppose -4*f + 6*f = 14. Suppose 2*g = f*g + 5. Let n = g + 12. What is the units digit of n?
1
Let i(q) = 3*q + 3 - q - 3*q + 3. What is the units digit of i(0)?
6
Let f = -17 - -29. Suppose 3*a - 129 = -a - s, 0 = 4*s + f. What is the units digit of a?
3
Suppose -5*p = 4 + 1. Let b be (7 - p) + 0 - 2. Let m(u) = u + 2. What is the units digit of m(b)?
8
Let t(b) = 2*b - 6. Suppose -5*m = -0*m - 25. Suppose -q + m*q - 36 = 0. What is the tens digit of t(q)?
1
What is the tens digit of ((-5)/2)/((-3)/66)?
5
Let t(a) = -a**2 - 4*a + 7. Let l be t(-5). What is the units digit of (-2)/(l*(-1)/3)?
3
Let s(l) = -3*l + 31. What is the tens digit of s(-32)?
2
Suppose 0*v - 3 = -v, -4*v = -2*a - 6. Suppose -4*s = c - 12, -2*c + a*s = -2*s + 2. Suppose -c*i + 40 = 5*j, 4*i - 7 - 1 = 3*j. What is the units digit of i?
5
Let r(a) = a + 10. Suppose -5*k + 4*l = l + 49, 3 = l. Let b be r(k). Suppose 0 = -b*o - 5*i + 41, o - 2*i - 33 = -7*i. What is the units digit of o?
8
Let x = -2 - -2. Suppose -m = -x*m - 3. Suppose -2*y - 23 = -5*d, 2*d + m*y - 28 = -3*d. What is the units digit of d?
5
Let s(i) = i + 8. What is the tens digit of s(13)?
2
Let o(g) = 2*g - 2. Let r be (-2 + -4)*2/(-6). Let z be o(r). Suppose -2*a + 39 - 1 = z*w, 2*a + 3*w = 40. What is the units digit of a?
7
What is the un